Let s(o) = o**2 + 9*o + 11. Let x be s(-5). Let g be 2*x/(-6) - -3. Let f be (-30)/4*(-16)/g. What is the highest common factor of f and 100?
20
Suppose 23*m - 315 = 18*m. Suppose 4*w - 3*l - m = -0*w, -3*w = -4*l - 42. Suppose -w = -t - 11. What is the greatest common factor of 21 and t?
7
Let i be (-5 - -7) + -2 + 2. Let s(g) = g**2 + 0*g**i - 2 + 5. Let y be s(4). What is the highest common factor of y and 57?
19
Suppose -5 - 33 = -2*m. Suppose -6*q - 1170 = -m*q. What is the greatest common factor of 60 and q?
30
Let o be (-36)/66*198/(-6) + -8. Suppose -3*r - 2*r = -630. Let k = r - 66. Calculate the highest common factor of k and o.
10
Let l(r) = 4*r**2 - 2*r + 4. Let v be l(3). Suppose -106*i = -81*i - 5950. Calculate the greatest common divisor of v and i.
34
Suppose -14*q - 39 + 683 = 0. Let i be 69/((-8)/(2128/(-21))). Calculate the greatest common divisor of i and q.
46
Let v be (-350*1 + (5 - 2))*2. Let q = -648 - v. Calculate the greatest common divisor of q and 529.
23
Let g be 4*1*2*1/4. Suppose -q = 5*f - 100, -5*q = g*f + 99 - 622. What is the greatest common factor of 15 and q?
15
Suppose 10*a - 105826 = -2*r - 36304, -a = -2*r - 6972. What is the greatest common divisor of a and 2196?
366
Let d be -10*(-39)/2 - 1. Let n = 256 - d. What is the greatest common divisor of n and 62?
62
Suppose 3*y - 5*u = 43, 4*y = -4*u + 43 - 71. Calculate the greatest common divisor of y and 45.
1
Suppose 80 + 110 = 2*v. Let w(u) = -8*u**3. Let g be w(-1). Let o be g/6*399/14. What is the greatest common divisor of v and o?
19
Let b(f) = -68*f + 12. Let z be b(-5). Suppose -3*w - 15*o = -12*o - 84, 12*o + 16 = -w. Calculate the greatest common factor of z and w.
32
Suppose -5*s - u + 200 = 0, 220 = 5*s - 0*u - 3*u. Let q = 77 - s. Suppose q + 0 = n. What is the greatest common factor of 72 and n?
36
Let q = -181731 + 181831. Suppose -1348 = -3*a + m, 2*m - 84 + 980 = 2*a. What is the greatest common divisor of a and q?
50
Let r(d) = -11*d + 78. Let x(k) = -22*k + 155. Let z(j) = -5*r(j) + 2*x(j). Let y be z(8). Calculate the greatest common divisor of y and 16.
8
Let a(l) = -2*l**2 + 21*l - 6. Let c = -94 - -103. Let d be a(c). What is the highest common factor of d and 231?
21
Let h(r) = 53*r + 12. Let u = 52 - 48. Let d be h(u). What is the highest common factor of 14 and d?
14
Let m = 344 - 256. Let z be (-2)/3 - 50/(-3). Calculate the highest common factor of z and m.
8
Suppose -17 + 405 = 2*t. Let q be 4 + -3 + 0 + t. Let y = -85 + q. What is the greatest common divisor of 10 and y?
10
Let t be (-3)/12*-28 + (962 - 3). Calculate the greatest common factor of t and 138.
138
Suppose 0 = -2*t + 89 + 223. Let d = -32 + 84. Calculate the greatest common divisor of t and d.
52
Let y be 1 - (-35 - -2) - 0. Let h(t) = 3744*t - 6774. Let b be h(2). What is the greatest common factor of b and y?
34
Let w be 9*(-8)/30*-275. Suppose -559 = -3*f - 2*h, -w = -4*f - 3*h + 84. Calculate the highest common factor of f and 27.
27
Let v = 841 - 817. Suppose 38 = s - g, 4*s - 180 = -5*g + 2*g. What is the highest common divisor of s and v?
6
Let m be ((-46)/5)/(1/(-5)). Let p be 3*(4 + -3) - -235. Suppose -2*t = 2*c - p, -t - 37 = -c - 148. Calculate the greatest common factor of t and m.
23
Let s(i) = -19*i + 6. Suppose -36*k - 10 = -41*k. Suppose -k = -3*y - 8. Let l be s(y). What is the greatest common divisor of l and 220?
44
Let c(x) = -127*x - 31. Let y be (-5)/2*228/570. Let f be c(y). What is the highest common divisor of 608 and f?
32
Let j be ((-16)/(-10))/(6/15). Suppose 3*u - r - 7 = 0, u - 2*r + 0 = j. Suppose 15 = u*y + y. Calculate the highest common factor of 35 and y.
5
Suppose -24*t + 1547 - 539 = -0*t. Calculate the greatest common divisor of 9 and t.
3
Let q = -3 + 20. Let y be (-3)/((190/37145)/((-4)/6)). Calculate the highest common divisor of q and y.
17
Let h(c) = -28*c - 1. Let l be h(-1). Suppose -l*z - 5605 + 17782 = 0. Calculate the greatest common divisor of 41 and z.
41
Let s(t) = 23*t - t**3 + 10 + t**2 - 9*t - 11*t. Let g be s(3). Suppose -b = g - 13. What is the highest common factor of 30 and b?
6
Suppose 0 = i - 0 - 12. Suppose 18*j - 13*j - 2196 = 2*j. Calculate the greatest common factor of i and j.
12
Suppose -3*f + 4*a = -72, 3*f - 10*a = -15*a + 18. What is the greatest common factor of 13648 and f?
16
Let r(u) = 2*u**3 - 3*u - 4. Let x be r(5). Let p(y) = -11*y + 55. Let s be p(14). Let h = s - -120. What is the highest common divisor of x and h?
21
Let w = 44536 - 42325. Calculate the greatest common divisor of 132 and w.
33
Suppose 2*q + 10 - 66 = 0. Let g be q - 30 - (1*-3)/1. Let n be 13 - (4 - g - (-15)/(-15)). What is the highest common divisor of n and 22?
11
Suppose 12 = -25*s + 28*s. Suppose 6*x = -s*x + 380. Calculate the highest common divisor of x and 38.
38
Let i = -38911 + 40891. Calculate the greatest common divisor of 522 and i.
18
Let p = 0 + 5. Suppose 0 = -p*m - 40 + 15, 3*m = -h - 8. Let w = 1679 + -1678. Calculate the highest common divisor of w and h.
1
Let c be 5 + 0 + (0 - -2). Let w be ((-848)/(-64))/(1/8). Let k = w - 43. Calculate the greatest common divisor of k and c.
7
Let g = 209 - 187. Suppose 4*w - 232 = -3*t, 2*t - 232 = -4*w + t. Let m = w - g. What is the highest common divisor of 9 and m?
9
Let j be (3/2)/(9/984). Suppose 105*u + 360 = 195*u. Calculate the highest common divisor of j and u.
4
Let r be 558/(-4)*6190/(-1857). Calculate the greatest common divisor of r and 2635.
155
Let p(k) = -23*k + 1938. Let g be p(-12). Calculate the highest common factor of 162 and g.
54
Suppose 3 = c - 2*b - 6, 63 = 5*c - b. Let f be (-3)/12 - (135/(-12) - 5). Suppose -f*a + 194 = -14. What is the greatest common divisor of c and a?
13
Let c = -12 - -48. Let a = -12 + c. Suppose 36*v - 666 + 90 = 0. Calculate the greatest common factor of v and a.
8
Let p = 11627 - 11453. What is the greatest common divisor of 51 and p?
3
Let m be (268/24 - (-1)/(-6)) + 5. Suppose 3*f - f = -5*b + 352, -5*f = -2*b + 164. Calculate the greatest common divisor of b and m.
8
Let m be (1 - 1) + 3 + 0. Let o(l) = -4*l**2 - 277*l + 216. Let u be o(-70). Calculate the greatest common divisor of u and m.
3
Suppose -2*j + 445 = -7*k + 6*k, 0 = -5*j - 4*k + 1106. Calculate the greatest common factor of 1924 and j.
74
Suppose -8*q = -0*q - 40. Suppose -3*j - 5*z = -5, 2*j + 2*z = q - 3. Suppose j = 50*u - 55*u + 50. Calculate the greatest common factor of 5 and u.
5
Suppose y + 3*n = 16, -4*y + 8*y = 5*n + 149. Let l = 401 - 718. Let u = l - -658. Calculate the greatest common factor of u and y.
31
Suppose -315 = -4*o - 5*c, c - 89 - 289 = -5*o. Let a = -23 + o. Suppose -2*b = -30 + 4. What is the greatest common divisor of a and b?
13
Let w = 394 + -388. Suppose -x + c + 47 = 0, -4*x = -w*c + c - 186. What is the highest common divisor of x and 1127?
49
Suppose 8*i + 5*i - 1512 = -i. What is the highest common divisor of 4356 and i?
36
Let x be (178 - -2 - -4) + 0. Let z = -119 + x. Suppose 0 = -5*q + 69 - 4. What is the greatest common factor of z and q?
13
Let b(c) be the third derivative of -c**6/120 - c**5/12 - c**4/3 + c**3 - 6*c**2 - 3. Let r be b(-4). Calculate the highest common factor of 88 and r.
22
Let y = 79 - -29. What is the greatest common factor of 189 and y?
27
Let s = 47 - -8. Suppose 48*i - 3038 = 41*i. Let q = -412 + i. Calculate the greatest common factor of s and q.
11
Suppose 4*k + 935 = -k. Let b = 306 + k. Calculate the highest common divisor of b and 17.
17
Let g be (7 - 1)/(3/((-6435)/(-66))). Let t(x) = 75*x**2 + x + 1. Let f be t(-1). What is the greatest common factor of f and g?
15
Suppose 0 = 7*q - 2*h - 45670, -q + 7*h - 12*h + 6556 = 0. Calculate the highest common divisor of 26 and q.
26
Let x(u) = -u**2 - 14*u - 10. Let c = -96 + 84. Let l be x(c). Calculate the highest common divisor of l and 49.
7
Suppose -150*j + 99712 + 232164 = -4724. What is the highest common factor of 102 and j?
102
Let j(b) = 2*b**2 - 16*b + 26. Let q be j(11). Let l(i) = 17*i**2 + i - 92 + q. Let t be l(-2). What is the highest common divisor of 22 and t?
22
Suppose 0 = -172*x + 744*x - 5148. What is the greatest common divisor of 15597 and x?
9
Suppose 0 = 10*p - 15*p + 50. Suppose -658 - 342 = -p*c. Sup